{"id":65,"date":"2024-04-15T07:59:33","date_gmt":"2024-04-15T07:59:33","guid":{"rendered":"https:\/\/sapone.examedia.ch\/?page_id=65"},"modified":"2024-05-02T13:23:15","modified_gmt":"2024-05-02T13:23:15","slug":"expressiv","status":"publish","type":"page","link":"https:\/\/natalesapone.ch\/index.php\/werkschau\/expressiv\/","title":{"rendered":"Expressiv"},"content":{"rendered":"\n<p>1950\/51 lebte Natale Sapone in Paris und studierte an der Akademie von Andr\u00e9 Lhote. Diese Kunstschule geh\u00f6rte in jenen Jahren zu den progressivsten Ausbildungsst\u00e4tten von Paris. In der Folge ver\u00e4nderte sich das Schaffen von Natale Sapone radikal. Er fand zu einer freien, hellen Farbigkeit und zu einer expressiven Ausdruckform. Seine Bilder zeichneten sich aus durch stark reduzierte Motivwelten. Figuren oder V\u00f6gel bewegen sich in stark abstrahierten Szenerien. Anfang der Sechzigerjahre gab Natale Sapone wiedererkennbare Sujets vollst\u00e4ndig auf. Ganz auf der H\u00f6he der Zeit bediente sich der K\u00fcnstler in seiner Malerei nur noch die reinen Ausdrucksmittel der Kunst: Farbe, Form und Gestus.<\/p>\n\n\n\nngg_shortcode_0_placeholder\n","protected":false},"excerpt":{"rendered":"<p>1950\/51 lebte Natale Sapone in Paris und studierte an der Akademie von Andr\u00e9 Lhote. Diese Kunstschule geh\u00f6rte in jenen Jahren zu den progressivsten Ausbildungsst\u00e4tten von Paris. In der Folge ver\u00e4nderte sich das Schaffen von Natale Sapone radikal. Er fand zu einer freien, hellen Farbigkeit und zu einer expressiven Ausdruckform. Seine Bilder zeichneten sich aus durch &#8230; <a title=\"Expressiv\" class=\"read-more\" href=\"https:\/\/natalesapone.ch\/index.php\/werkschau\/expressiv\/\" aria-label=\"Mehr Informationen \u00fcber Expressiv\">Weiterlesen<\/a><\/p>\n","protected":false},"author":2,"featured_media":0,"parent":52,"menu_order":0,"comment_status":"closed","ping_status":"closed","template":"","meta":{"ngg_post_thumbnail":0,"footnotes":""},"class_list":["post-65","page","type-page","status-publish"],"_links":{"self":[{"href":"https:\/\/natalesapone.ch\/index.php\/wp-json\/wp\/v2\/pages\/65"}],"collection":[{"href":"https:\/\/natalesapone.ch\/index.php\/wp-json\/wp\/v2\/pages"}],"about":[{"href":"https:\/\/natalesapone.ch\/index.php\/wp-json\/wp\/v2\/types\/page"}],"author":[{"embeddable":true,"href":"https:\/\/natalesapone.ch\/index.php\/wp-json\/wp\/v2\/users\/2"}],"replies":[{"embeddable":true,"href":"https:\/\/natalesapone.ch\/index.php\/wp-json\/wp\/v2\/comments?post=65"}],"version-history":[{"count":2,"href":"https:\/\/natalesapone.ch\/index.php\/wp-json\/wp\/v2\/pages\/65\/revisions"}],"predecessor-version":[{"id":259,"href":"https:\/\/natalesapone.ch\/index.php\/wp-json\/wp\/v2\/pages\/65\/revisions\/259"}],"up":[{"embeddable":true,"href":"https:\/\/natalesapone.ch\/index.php\/wp-json\/wp\/v2\/pages\/52"}],"wp:attachment":[{"href":"https:\/\/natalesapone.ch\/index.php\/wp-json\/wp\/v2\/media?parent=65"}],"curies":[{"name":"wp","href":"https:\/\/api.w.org\/{rel}","templated":true}]}}