{"id":379,"date":"2024-05-02T14:44:20","date_gmt":"2024-05-02T14:44:20","guid":{"rendered":"https:\/\/sapone.examedia.ch\/?page_id=379"},"modified":"2024-05-02T14:44:21","modified_gmt":"2024-05-02T14:44:21","slug":"auszeichnungen","status":"publish","type":"page","link":"https:\/\/natalesapone.ch\/index.php\/die-zeitung-nannte-ihn-maestro\/ueber-den-kuenstler-natale-sapone\/auszeichnungen\/","title":{"rendered":"Auszeichnungen"},"content":{"rendered":"\n<p>1972<br>Cavalier della Stella della Solidariet\u00e0 nazionale durch den Pr\u00e4sidenten der Italienischen Republik f\u00fcr langj\u00e4hrige sch\u00f6pferische T\u00e4tigkeit in der Schweiz als italienischer Kultur- und Kunstschaffender<\/p>\n\n\n\n<p>1975<br>1. Preis Ville de Gen\u00e8ve, Mus\u00e9e de l\u2019horlogerie, Wettbewerb in Email-Arbeiten, Genf<\/p>\n\n\n\n<p>1980<br>1. Preis beim Wettbewerb \u201eKunst am Bau\u201c f\u00fcr eine Skulptur der Universit\u00e4t Z\u00fcrich-Irchel, Z\u00fcrich<\/p>\n\n\n\n<p>1986<br>Anerkennungspreis der Stadt Frauenfeld f\u00fcr k\u00fcnstlerische T\u00e4tigkeit, Frauenfeld<\/p>\n\n\n\n<p>1986<br>Thurgauer Kulturpreis, Frauenfeld<\/p>\n","protected":false},"excerpt":{"rendered":"<p>1972Cavalier della Stella della Solidariet\u00e0 nazionale durch den Pr\u00e4sidenten der Italienischen Republik f\u00fcr langj\u00e4hrige sch\u00f6pferische T\u00e4tigkeit in der Schweiz als italienischer Kultur- und Kunstschaffender 19751. Preis Ville de Gen\u00e8ve, Mus\u00e9e de l\u2019horlogerie, Wettbewerb in Email-Arbeiten, Genf 19801. Preis beim Wettbewerb \u201eKunst am Bau\u201c f\u00fcr eine Skulptur der Universit\u00e4t Z\u00fcrich-Irchel, Z\u00fcrich 1986Anerkennungspreis der Stadt Frauenfeld f\u00fcr &#8230; <a title=\"Auszeichnungen\" class=\"read-more\" href=\"https:\/\/natalesapone.ch\/index.php\/die-zeitung-nannte-ihn-maestro\/ueber-den-kuenstler-natale-sapone\/auszeichnungen\/\" aria-label=\"Mehr Informationen \u00fcber Auszeichnungen\">Weiterlesen<\/a><\/p>\n","protected":false},"author":2,"featured_media":0,"parent":168,"menu_order":0,"comment_status":"closed","ping_status":"closed","template":"","meta":{"ngg_post_thumbnail":0,"footnotes":""},"class_list":["post-379","page","type-page","status-publish"],"_links":{"self":[{"href":"https:\/\/natalesapone.ch\/index.php\/wp-json\/wp\/v2\/pages\/379"}],"collection":[{"href":"https:\/\/natalesapone.ch\/index.php\/wp-json\/wp\/v2\/pages"}],"about":[{"href":"https:\/\/natalesapone.ch\/index.php\/wp-json\/wp\/v2\/types\/page"}],"author":[{"embeddable":true,"href":"https:\/\/natalesapone.ch\/index.php\/wp-json\/wp\/v2\/users\/2"}],"replies":[{"embeddable":true,"href":"https:\/\/natalesapone.ch\/index.php\/wp-json\/wp\/v2\/comments?post=379"}],"version-history":[{"count":1,"href":"https:\/\/natalesapone.ch\/index.php\/wp-json\/wp\/v2\/pages\/379\/revisions"}],"predecessor-version":[{"id":380,"href":"https:\/\/natalesapone.ch\/index.php\/wp-json\/wp\/v2\/pages\/379\/revisions\/380"}],"up":[{"embeddable":true,"href":"https:\/\/natalesapone.ch\/index.php\/wp-json\/wp\/v2\/pages\/168"}],"wp:attachment":[{"href":"https:\/\/natalesapone.ch\/index.php\/wp-json\/wp\/v2\/media?parent=379"}],"curies":[{"name":"wp","href":"https:\/\/api.w.org\/{rel}","templated":true}]}}